= -76, w*o + 3*r = -2*r + 50. What is the highest common factor of o and 70?
14
Suppose 13*r - 12*r = 7. Suppose 4*g - 5*x = 132 + 9, 4*g - 106 = -2*x. Let u = g + 20. Calculate the highest common divisor of r and u.
7
Let c(q) = -q**3 - q**2 - q. Let k be c(-1). Calculate the highest common divisor of k and 1.
1
Suppose 0 = h - 2, 0 = -t - 3*h + 2 + 8. Let v = 33 + -17. Calculate the greatest common factor of t and v.
4
Suppose -28 = -5*o + 27. Calculate the greatest common factor of o and 44.
11
Let t(r) = -6*r - 7 - r**2 - 2 - 3*r. Let x be t(-7). Let c(n) = -n**3 + 2*n**2 - 4*n - 2. Let j be c(-3). Calculate the highest common divisor of j and x.
5
Let d be (90 - 2) + -5 - -2. Calculate the greatest common factor of d and 51.
17
Let u be -5*(0 - -1)*-7. Suppose 3 = 6*l - 39. Calculate the highest common factor of u and l.
7
Let h(y) = 6*y + 72. Let a be h(-9). Calculate the greatest common factor of 72 and a.
18
Let w be (7/(-4))/((-1)/28). Suppose 15 = 2*s + 1. What is the highest common divisor of s and w?
7
Suppose -5*r + 14*r - 576 = 0. What is the highest common factor of 16 and r?
16
Let y = -50 - -158. Suppose b + y = 4*b. What is the highest common factor of b and 9?
9
Let c be 24/3*17/2. Suppose -3*u = 3*d - 33, 0*d + 2*u = 4*d - c. What is the highest common divisor of 60 and d?
15
Let b = 85 + -69. Suppose 24 = 3*q - 2*q. Calculate the greatest common factor of b and q.
8
Suppose 5 = -3*o + 2, 3*f + 3*o - 321 = 0. Let t = 16 + -4. What is the highest common divisor of t and f?
12
Let w be (3/(-15))/(1/(-5)). Suppose -3*y + 4*h + 28 = 0, -w = -5*h - 21. Let c = 1 + 1. Calculate the highest common factor of y and c.
2
Suppose -4*p + 3*g - 53 + 0 = 0, 0 = 5*p + g + 71. Let u = 10 + p. Let r be (-27)/(-4) - u/16. Calculate the greatest common divisor of r and 14.
7
Let u be 1*(293 - (2 + -4)). Suppose 3*h - u = -2*h + j, h - 50 = 2*j. Calculate the greatest common factor of h and 24.
12
Let y(c) = -c**3 + 5*c**2 - 2*c + 1. Let w be y(4). Let m(i) = -6 + i - i + w*i. Let p be m(6). What is the highest common factor of 12 and p?
12
Suppose 2*p + 5*s = 313, -121 = -4*p - 2*s + 465. Calculate the highest common divisor of p and 9.
9
Suppose -7*q = q - 176. Calculate the highest common factor of 55 and q.
11
Suppose -92 = 10*x - 15*x + 4*j, 76 = 4*x - 4*j. Let p = 320 + -192. What is the greatest common factor of p and x?
16
Let a be (60/(-6))/(0 + -2). Calculate the highest common factor of a and 10.
5
Let s(y) = -y**3 + 2*y + 8. Let t be s(0). What is the highest common divisor of 24 and t?
8
Let o(t) = -2*t - 1. Suppose g = 4*m + 4, -2*m + 2*g + 3*g - 20 = 0. Let s be (-2)/(m + 2) - 1. Let u be o(s). Calculate the highest common factor of 21 and u.
3
Let y = -4 + 16. Let d(k) = -k**3 - 10*k**2 - 12*k + 12. Let w be d(-10). What is the highest common divisor of w and y?
12
Let b be (-4 - (-15)/5) + 19. Calculate the greatest common divisor of b and 144.
18
Let d be (-1)/((-3)/(16*3)). Calculate the greatest common divisor of 1 and d.
1
Suppose 0*a + 2*a = 34. Let n = 38 - a. Let z(l) = -2*l - 1. Let q be z(-4). Calculate the highest common divisor of n and q.
7
Suppose 0 = -4*d + 7*d - 36. Let i = d + -8. Suppose -2*c + y + y + 6 = 0, -2 = c + 4*y. Calculate the highest common factor of i and c.
2
Suppose -2*n + 14 = 4*z, -n + 3 = -3*z + 16. Suppose 3*c = z*i - 18, -2*c + 8 = -6*c. What is the greatest common divisor of 12 and i?
3
Let r(k) = -k**2 + 12*k - 5. Let n be r(10). What is the greatest common divisor of 165 and n?
15
Suppose -4*f + 52 = -60. Let t = f - 11. What is the highest common factor of t and 153?
17
Let t be 39/5 - (-1)/5. Let f be 236/6 + t/12. Calculate the greatest common divisor of 100 and f.
20
Let g be 40/(-220) - 24/(-11). Calculate the highest common factor of 10 and g.
2
Let b = 109 + -45. Calculate the highest common divisor of 16 and b.
16
Let t be 4/((-16)/12) - -269. What is the greatest common divisor of 38 and t?
38
Let p = 17 + -10. Let f be (44/(-7))/((-2)/p). What is the greatest common divisor of 33 and f?
11
Let w be 12/9 - (-1)/(-3). Let y be w/((-2)/4) - -92. Let u be (3 + 1)/(7/35) + -2. What is the highest common divisor of u and y?
18
Let z = -38 + 73. Calculate the highest common factor of 5 and z.
5
Let z = -32 - -35. Suppose 5*p - 672 = 3*u, -u - 269 = p - z*p. Let w(s) = 3*s - 3. Let v be w(6). What is the greatest common factor of v and p?
15
Suppose -2*a + 106 = 4*x - 0*a, -2*a = -4*x + 94. Let p(h) = h**2 + h + 2. Let d be p(-4). Let w = x - d. What is the highest common factor of 22 and w?
11
Let f be (-1)/((-5 + 3)/110). What is the highest common divisor of 55 and f?
55
Let o be (14/(-3))/(8/(-12)). Suppose 3*i - 37 = -o. What is the highest common factor of i and 4?
2
Let x = -36 - -19. Let k = x + 29. Let t = -128 + 236. Calculate the greatest common factor of k and t.
12
Let w(t) = 6*t**3 - 5*t**2 + 5*t + 2. Let m be w(2). Calculate the greatest common divisor of 5 and m.
5
Let b(o) = -o**2 - 7*o - 6. Let k be b(-5). Suppose -80 = -k*s - s. Calculate the highest common divisor of 176 and s.
16
Suppose -1068 = -15*u + 312. Let n(s) = -s**3 - 4*s**2 + 8*s - 1. Let w be n(-6). What is the highest common divisor of u and w?
23
Suppose -5*x + d + 76 = 28, 3 = -d. Suppose 2*h + h + x = 0. Let v be (h/(-4))/(1/36). What is the highest common divisor of v and 3?
3
Let d be (2 - 99/12)/((-2)/8). Suppose -7*q + 4*q - l + 17 = 0, -4*q = -4*l - 12. What is the greatest common factor of q and d?
5
Suppose -5*z - 36 = -7*z. What is the greatest common divisor of 36 and z?
18
Suppose 5*w + 165 = 5*o, -4*w + 100 = 6*o - 2*o. Let y = o + -11. Calculate the highest common factor of 12 and y.
6
Let t(n) = 5*n + 4 + 0*n + 5*n**2 - n**2. Let p be t(-2). Let u = 3 + 7. Calculate the greatest common factor of u and p.
10
Let h = -16 + 13. Let t be 24/h*30/(-4). Calculate the greatest common divisor of 12 and t.
12
Let m be (323/(-57))/(1/(-33)). What is the greatest common factor of m and 17?
17
Suppose -53 = -5*j + 27. Suppose 0*n - j = -2*n. Let w(g) = -g**2 + 9*g + 8. Let s be w(n). What is the highest common divisor of 2 and s?
2
Let o be 299/78 + (-2)/(-12). What is the greatest common divisor of 36 and o?
4
Let d(f) = 2*f**2 - 7*f - 8. Let z be d(6). What is the greatest common divisor of z and 33?
11
Suppose -2*t + 0*t = -4. Suppose 35 = -3*p + t*p. Let w = p - -126. Calculate the highest common divisor of w and 13.
13
Let k = -4 + 7. Let b be 6/((k - 1) + -1). Suppose 35 = -t + b*t. Calculate the highest common divisor of 21 and t.
7
Suppose -1 = i - 2*i. Let k(t) = 21*t**3 - t**2 - t + 1. Let a be k(i). Suppose 0 = -4*f - f + 50. Calculate the highest common factor of f and a.
10
Let r(l) = -l**3 + 7*l**2 - 6*l + 7. Let b be r(6). Let n(k) = k + 7. Let m be n(b). Calculate the highest common divisor of m and 21.
7
Let y = 77 + -22. Let c be 2/3*(-33)/(-1). What is the highest common divisor of y and c?
11
Let f be 2/2*1 - -47. Suppose -4*y - 32 = z, 3*z - 4*y = -2*y - 96. Let h = f + z. Calculate the highest common divisor of h and 32.
16
Suppose 2*s + 4 = s. Let c(w) = w**2 - 2*w - 6. Let l be c(s). Calculate the greatest common factor of 126 and l.
18
Let a(g) = g**2 + 5*g + 7. Let k be a(5). Let i = k + 63. What is the highest common factor of 15 and i?
15
Let m(y) = -y**3 + 8*y**2 - 10*y - 1. Let s be m(6). What is the highest common factor of s and 88?
11
Let o(j) = j**2 + 7*j + 12. Let l be o(-8). What is the greatest common divisor of 40 and l?
20
Suppose 0 = 3*b + b. Suppose -2*j = 10, 5*d + 3*j + b*j = -95. Let i be d/12*(-1 + -2). Calculate the greatest common factor of 44 and i.
4
Let g = -2 - -3. What is the highest common factor of g and 8?
1
Suppose 2*r = 4*q - 2, -2*q + 11 = -3*r - 4*q. Let i be (r - -2)*-1*4. Let t be (-1230)/(-8) - (-1)/i. What is the greatest common factor of 14 and t?
14
Suppose 3*h + 0 = -r + 25, 4*h + 87 = 5*r. Let m be ((-114)/(-9))/(2/6). Calculate the greatest common factor of r and m.
19
Let s = 70 - 38. Let x(o) = 8*o**3 - o + 1. Let u be x(1). Let i = 16 - u. What is the greatest common factor of i and s?
8
Suppose 0*n = n. Suppose n = -2*o - o. Suppose o = -l + 4*l - 39. Calculate the greatest common divisor of 13 and l.
13
Let n(y) = -y - 4. L